{"id":88,"date":"2026-02-08T13:55:24","date_gmt":"2026-02-08T12:55:24","guid":{"rendered":"http:\/\/bioczar.com.pl\/?page_id=88"},"modified":"2026-02-10T18:42:46","modified_gmt":"2026-02-10T17:42:46","slug":"dziekuje","status":"publish","type":"page","link":"https:\/\/bioczar.com.pl\/?page_id=88","title":{"rendered":"DZI\u0118KUJ\u0118 &#8211; podzi\u0119kowanie za um\u00f3wienie spotkania"},"content":{"rendered":"\t\t<div data-elementor-type=\"wp-page\" data-elementor-id=\"88\" class=\"elementor elementor-88\">\n\t\t\t\t<div class=\"elementor-element elementor-element-27b6cde e-flex e-con-boxed e-con e-parent\" data-id=\"27b6cde\" data-element_type=\"container\" data-settings=\"{&quot;background_background&quot;:&quot;slideshow&quot;,&quot;background_slideshow_gallery&quot;:[{&quot;id&quot;:90,&quot;url&quot;:&quot;http:\\\/\\\/bioczar.com.pl\\\/wp-content\\\/uploads\\\/2026\\\/02\\\/Untitled-design-12-e1770554037544.png&quot;}],&quot;background_slideshow_loop&quot;:&quot;yes&quot;,&quot;background_slideshow_slide_duration&quot;:5000,&quot;background_slideshow_slide_transition&quot;:&quot;fade&quot;,&quot;background_slideshow_transition_duration&quot;:500}\">\n\t\t\t\t\t<div class=\"e-con-inner\">\n\t\t\t\t<div class=\"elementor-element elementor-element-e5ba12b elementor-widget elementor-widget-html\" data-id=\"e5ba12b\" data-element_type=\"widget\" data-widget_type=\"html.default\">\n\t\t\t\t\t<!doctype html>\r\n<html lang=\"pl\">\r\n<head>\r\n  <meta charset=\"utf-8\" \/>\r\n  <meta name=\"viewport\" content=\"width=device-width, initial-scale=1\" \/>\r\n  <title>Dzi\u0119kuj\u0119 za um\u00f3wienie rozmowy | BioCzar<\/title>\r\n\r\n  <style>\r\n    :root{\r\n      --gold:#c9a227;\r\n      --gold2:#e7d18a;\r\n      --ink:#ffffff;\r\n      --muted:rgba(255,255,255,.86);\r\n      --line:rgba(201,162,39,.55);\r\n      --shadow:0 16px 48px rgba(0,0,0,.45);\r\n      --glass:rgba(0,0,0,.40);\r\n      --glass2:rgba(0,0,0,.22);\r\n      --radius:18px;\r\n    }\r\n\r\n    *{box-sizing:border-box}\r\n    html,body{height:100%}\r\n\r\n    body{\r\n      margin:0;\r\n      font-family: system-ui, -apple-system, Segoe UI, Roboto, Arial, sans-serif;\r\n      color:var(--ink);\r\n      background: transparent;\r\n      text-align:center;\r\n    }\r\n\r\n    .page{\r\n      min-height:100vh;\r\n      padding:28px 16px 56px;\r\n      background:\r\n        radial-gradient(900px 450px at 20% 0%, rgba(201,162,39,.12), transparent 55%),\r\n        radial-gradient(900px 450px at 80% 10%, rgba(231,209,138,.10), transparent 60%),\r\n        linear-gradient(180deg, rgba(0,0,0,.28), rgba(0,0,0,.18));\r\n      backdrop-filter: blur(6px);\r\n    }\r\n\r\n    .wrap{max-width:980px;margin:0 auto;}\r\n\r\n    .card{\r\n      border:1px solid var(--line);\r\n      border-radius:var(--radius);\r\n      background: linear-gradient(180deg, var(--glass), var(--glass2));\r\n      box-shadow: var(--shadow);\r\n      overflow:hidden;\r\n    }\r\n\r\n    .header{\r\n      padding:26px 22px;\r\n      border-bottom:1px solid var(--line);\r\n    }\r\n\r\n    h1{\r\n      margin:0;\r\n      font-size: clamp(26px, 3.2vw, 40px);\r\n      line-height:1.15;\r\n      padding:10px 14px;\r\n      border:1px solid var(--gold);\r\n      border-radius:14px;\r\n      display:inline-block;\r\n      text-shadow: 0 0 14px rgba(201,162,39,.35);\r\n    }\r\n\r\n    .subtitle{\r\n      margin:14px 0 0;\r\n      color: var(--muted);\r\n      font-size: 15.5px;\r\n      line-height:1.55;\r\n      text-shadow:\r\n        0 0 10px rgba(201,162,39,.35),\r\n        0 0 18px rgba(231,209,138,.20);\r\n    }\r\n\r\n    .content{\r\n      padding:22px;\r\n      display:grid;\r\n      gap:18px;\r\n    }\r\n\r\n    .block{\r\n      border:1px solid var(--line);\r\n      border-radius:var(--radius);\r\n      background: rgba(0,0,0,.22);\r\n      padding:20px;\r\n    }\r\n\r\n    .blockTitle{\r\n      margin:0 0 12px;\r\n      font-size:16px;\r\n      font-weight:700;\r\n      text-shadow: 0 0 12px rgba(201,162,39,.38);\r\n    }\r\n\r\n    .video{\r\n      border:1px solid var(--line);\r\n      border-radius:var(--radius);\r\n      overflow:hidden;\r\n      background: rgba(0,0,0,.35);\r\n    }\r\n\r\n    .videoInner{\r\n      position:relative;\r\n      width:100%;\r\n      aspect-ratio:16\/9;\r\n    }\r\n\r\n    .videoInner iframe{\r\n      position:absolute;\r\n      inset:0;\r\n      width:100%;\r\n      height:100%;\r\n      border:0;\r\n    }\r\n\r\n    ul{\r\n      list-style-position: inside;\r\n      padding-left:0;\r\n      margin:10px 0 0;\r\n    }\r\n\r\n    li{\r\n      margin:8px 0;\r\n      color: var(--muted);\r\n      line-height:1.55;\r\n    }\r\n\r\n    .questions{\r\n      margin-top:16px;\r\n      padding:16px;\r\n      border:1px dashed var(--line);\r\n      border-radius:14px;\r\n      background: rgba(0,0,0,.20);\r\n    }\r\n\r\n    .questions p{\r\n      margin:12px 0;\r\n      color: var(--muted);\r\n      line-height:1.6;\r\n    }\r\n\r\n    .closing{\r\n      font-size:15.5px;\r\n      line-height:1.6;\r\n      padding:14px 16px;\r\n      border:1px solid var(--line);\r\n      border-radius:14px;\r\n      background: rgba(0,0,0,.22);\r\n      text-shadow: 0 0 14px rgba(201,162,39,.35);\r\n    }\r\n\r\n    .social{\r\n      display:grid;\r\n      gap:10px;\r\n    }\r\n\r\n    .socialBtn{\r\n      display:flex;\r\n      justify-content:center;\r\n      align-items:center;\r\n      gap:12px;\r\n      padding:12px;\r\n      border:1px solid var(--line);\r\n      border-radius:14px;\r\n      text-decoration:none;\r\n      background: rgba(0,0,0,.18);\r\n      color: var(--ink);\r\n      transition:.15s ease;\r\n    }\r\n\r\n    .socialBtn:hover{\r\n      border-color: var(--gold2);\r\n      box-shadow: 0 0 0 1px rgba(201,162,39,.25) inset;\r\n    }\r\n\r\n    .ico{\r\n      width:40px;\r\n      height:40px;\r\n      display:grid;\r\n      place-items:center;\r\n      border-radius:12px;\r\n      border:1px solid var(--line);\r\n      background: rgba(0,0,0,.22);\r\n      font-weight:800;\r\n    }\r\n\r\n    .lbl{\r\n      font-weight:650;\r\n      color:var(--muted);\r\n    }\r\n\r\n    .footer{\r\n      margin-top:16px;\r\n      padding:14px;\r\n      border-top:1px solid var(--line);\r\n      font-size:12.5px;\r\n      color:rgba(255,255,255,.7);\r\n    }\r\n  <\/style>\r\n<\/head>\r\n\r\n<body>\r\n<div class=\"page\">\r\n  <div class=\"wrap\">\r\n    <main class=\"card\">\r\n\r\n      <header class=\"header\">\r\n        <h1>Dzi\u0119kuj\u0119 za um\u00f3wienie rozmowy<\/h1>\r\n        <p class=\"subtitle\">Ten kr\u00f3tki materia\u0142 pomo\u017ce Ci dobrze przygotowa\u0107 si\u0119 do naszego spotkania.<\/p>\r\n      <\/header>\r\n\r\n      <section class=\"content\">\r\n\r\n        <section class=\"block\">\r\n          <h2 class=\"blockTitle\">Wideo<\/h2>\r\n          <div class=\"video\">\r\n            <div class=\"videoInner\">\r\n              <iframe\r\n                src=\"https:\/\/www.youtube-nocookie.com\/embed\/m4EIHPMlTQo?rel=0&modestbranding=1&playsinline=1\"\r\n                allowfullscreen>\r\n              <\/iframe>\r\n            <\/div>\r\n          <\/div>\r\n        <\/section>\r\n\r\n        <section class=\"block\">\r\n          <h2 class=\"blockTitle\">Przed rozmow\u0105<\/h2>\r\n          <ul>\r\n            <li>Podczas rozmowy b\u0105d\u017a sama w pomieszczeniu, w kt\u00f3rym czujesz spok\u00f3j i bezpiecze\u0144stwo.<\/li>\r\n            <li>Zadbaj, by nikt Ci nie przeszkadza\u0142.<\/li>\r\n            <li>Przygotuj kartk\u0119 i d\u0142ugopis.<\/li>\r\n            <li>Po\u015bwi\u0119\u0107 5 minut przed spotkaniem tylko dla siebie.<\/li>\r\n          <\/ul>\r\n\r\n          <div class=\"questions\">\r\n            <p><strong>Przed rozmow\u0105 w my\u015blach odpowiedz na pytania:<\/strong><\/p>\r\n\r\n            <p>Co dok\u0142adnie wydarzy\u0142o si\u0119 w moim \u017cyciu, \u017ce podj\u0119\u0142am decyzj\u0119, \u017ceby zapisa\u0107 si\u0119 na t\u0119 rozmow\u0119?<\/p>\r\n\r\n            <p>Jaki moment, jaka sytuacja, jaki punkt sprawi\u0142, \u017ce klikn\u0119\u0142am \u201eum\u00f3w spotkanie\u201d?<\/p>\r\n\r\n            <p>Czego ja tak naprawd\u0119 chc\u0119 po tej rozmowie?<\/p>\r\n\r\n            <p>Jaki efekt chc\u0119 osi\u0105gn\u0105\u0107?<\/p>\r\n          <\/div>\r\n        <\/section>\r\n\r\n        <section class=\"block\">\r\n          <h2 class=\"blockTitle\">Jedno zdanie, kt\u00f3re domyka decyzj\u0119<\/h2>\r\n          <div class=\"closing\">\r\n            Ta rozmowa jest przestrzeni\u0105 dla Ciebie i tego, co naprawd\u0119 chcesz zmieni\u0107.\r\n          <\/div>\r\n        <\/section>\r\n\r\n        <section class=\"block\">\r\n          <h2 class=\"blockTitle\">Kliknij i przejd\u017a na moje social media<\/h2>\r\n          <div class=\"social\">\r\n            <a class=\"socialBtn\" href=\"https:\/\/www.instagram.com\/anna.korcz_bioczar\" target=\"_blank\"><span class=\"ico\">IG<\/span><span class=\"lbl\">Instagram<\/span><\/a>\r\n            <a class=\"socialBtn\" href=\"https:\/\/www.facebook.com\/share\/1AqpkpbZJ6\/\" target=\"_blank\"><span class=\"ico\">FB<\/span><span class=\"lbl\">Facebook<\/span><\/a>\r\n            <a class=\"socialBtn\" href=\"https:\/\/www.tiktok.com\/@bioczar\" target=\"_blank\"><span class=\"ico\">TT<\/span><span class=\"lbl\">TikTok<\/span><\/a>\r\n            <a class=\"socialBtn\" href=\"https:\/\/www.youtube.com\/@AnnaKorczBioczar\" target=\"_blank\"><span class=\"ico\">YT<\/span><span class=\"lbl\">YouTube<\/span><\/a>\r\n          <\/div>\r\n        <\/section>\r\n\r\n        <section class=\"block\">\r\n          <h2 class=\"blockTitle\">Informacje prawne<\/h2>\r\n          <div class=\"social\">\r\n            <a class=\"socialBtn\" href=\"http:\/\/bioczar.com.pl\/?page_id=95\">\ud83c\udf6a Polityka plik\u00f3w cookies<\/a>\r\n            <a class=\"socialBtn\" href=\"https:\/\/kodmlodosci.bioczar.pl\/terms\">\ud83d\udcc4 Regulamin<\/a>\r\n            <a class=\"socialBtn\" href=\"http:\/\/bioczar.com.pl\/?page_id=105\">\ud83d\udd12 Polityka prywatno\u015bci (RODO)<\/a>\r\n          <\/div>\r\n        <\/section>\r\n\r\n      <\/section>\r\n\r\n      <footer class=\"footer\">\r\n        \u00a9 BioCzar\r\n      <\/footer>\r\n\r\n    <\/main>\r\n  <\/div>\r\n<\/div>\r\n<\/body>\r\n<\/html>\r\n\t\t\t\t<\/div>\n\t\t\t\t\t<\/div>\n\t\t\t\t<\/div>\n\t\t\t\t<\/div>\n\t\t","protected":false},"excerpt":{"rendered":"<p>Dzi\u0119kuj\u0119 za um\u00f3wienie rozmowy | BioCzar Dzi\u0119kuj\u0119 za um\u00f3wienie rozmowy Ten kr\u00f3tki materia\u0142 pomo\u017ce Ci dobrze przygotowa\u0107 si\u0119 do naszego spotkania. Wideo Przed rozmow\u0105 Podczas rozmowy b\u0105d\u017a sama w pomieszczeniu, w kt\u00f3rym czujesz spok\u00f3j i bezpiecze\u0144stwo. Zadbaj, by nikt Ci nie przeszkadza\u0142. Przygotuj kartk\u0119 i d\u0142ugopis. Po\u015bwi\u0119\u0107 5 minut przed spotkaniem tylko dla siebie. Przed [&hellip;]<\/p>\n","protected":false},"author":1,"featured_media":90,"parent":0,"menu_order":0,"comment_status":"closed","ping_status":"closed","template":"elementor_canvas","meta":{"footnotes":""},"class_list":["post-88","page","type-page","status-publish","has-post-thumbnail","hentry"],"yoast_head":"<!-- This site is optimized with the Yoast SEO plugin v26.8 - https:\/\/yoast.com\/product\/yoast-seo-wordpress\/ -->\n<title>DZI\u0118KUJ\u0118 - podzi\u0119kowanie za um\u00f3wienie spotkania - Bioczar<\/title>\n<meta name=\"robots\" content=\"index, follow, max-snippet:-1, max-image-preview:large, max-video-preview:-1\" \/>\n<link rel=\"canonical\" href=\"https:\/\/bioczar.com.pl\/?page_id=88\" \/>\n<meta property=\"og:locale\" content=\"pl_PL\" \/>\n<meta property=\"og:type\" content=\"article\" \/>\n<meta property=\"og:title\" content=\"DZI\u0118KUJ\u0118 - podzi\u0119kowanie za um\u00f3wienie spotkania - Bioczar\" \/>\n<meta property=\"og:description\" content=\"Dzi\u0119kuj\u0119 za um\u00f3wienie rozmowy | BioCzar Dzi\u0119kuj\u0119 za um\u00f3wienie rozmowy Ten kr\u00f3tki materia\u0142 pomo\u017ce Ci dobrze przygotowa\u0107 si\u0119 do naszego spotkania. Wideo Przed rozmow\u0105 Podczas rozmowy b\u0105d\u017a sama w pomieszczeniu, w kt\u00f3rym czujesz spok\u00f3j i bezpiecze\u0144stwo. Zadbaj, by nikt Ci nie przeszkadza\u0142. Przygotuj kartk\u0119 i d\u0142ugopis. Po\u015bwi\u0119\u0107 5 minut przed spotkaniem tylko dla siebie. Przed [&hellip;]\" \/>\n<meta property=\"og:url\" content=\"https:\/\/bioczar.com.pl\/?page_id=88\" \/>\n<meta property=\"og:site_name\" content=\"Bioczar\" \/>\n<meta property=\"article:modified_time\" content=\"2026-02-10T17:42:46+00:00\" \/>\n<meta property=\"og:image\" content=\"https:\/\/bioczar.com.pl\/wp-content\/uploads\/2026\/02\/Untitled-design-12-e1770554037544-1024x576.png\" \/>\n\t<meta property=\"og:image:width\" content=\"1024\" \/>\n\t<meta property=\"og:image:height\" content=\"576\" \/>\n\t<meta property=\"og:image:type\" content=\"image\/png\" \/>\n<meta name=\"twitter:label1\" content=\"Szacowany czas czytania\" \/>\n\t<meta name=\"twitter:data1\" content=\"4 minuty\" \/>\n<script type=\"application\/ld+json\" class=\"yoast-schema-graph\">{\"@context\":\"https:\/\/schema.org\",\"@graph\":[{\"@type\":\"WebPage\",\"@id\":\"https:\/\/bioczar.com.pl\/?page_id=88\",\"url\":\"https:\/\/bioczar.com.pl\/?page_id=88\",\"name\":\"DZI\u0118KUJ\u0118 - podzi\u0119kowanie za um\u00f3wienie spotkania - Bioczar\",\"isPartOf\":{\"@id\":\"https:\/\/bioczar.com.pl\/#website\"},\"primaryImageOfPage\":{\"@id\":\"https:\/\/bioczar.com.pl\/?page_id=88#primaryimage\"},\"image\":{\"@id\":\"https:\/\/bioczar.com.pl\/?page_id=88#primaryimage\"},\"thumbnailUrl\":\"https:\/\/bioczar.com.pl\/wp-content\/uploads\/2026\/02\/Untitled-design-12-e1770554037544.png\",\"datePublished\":\"2026-02-08T12:55:24+00:00\",\"dateModified\":\"2026-02-10T17:42:46+00:00\",\"breadcrumb\":{\"@id\":\"https:\/\/bioczar.com.pl\/?page_id=88#breadcrumb\"},\"inLanguage\":\"pl-PL\",\"potentialAction\":[{\"@type\":\"ReadAction\",\"target\":[\"https:\/\/bioczar.com.pl\/?page_id=88\"]}]},{\"@type\":\"ImageObject\",\"inLanguage\":\"pl-PL\",\"@id\":\"https:\/\/bioczar.com.pl\/?page_id=88#primaryimage\",\"url\":\"https:\/\/bioczar.com.pl\/wp-content\/uploads\/2026\/02\/Untitled-design-12-e1770554037544.png\",\"contentUrl\":\"https:\/\/bioczar.com.pl\/wp-content\/uploads\/2026\/02\/Untitled-design-12-e1770554037544.png\",\"width\":1920,\"height\":1080},{\"@type\":\"BreadcrumbList\",\"@id\":\"https:\/\/bioczar.com.pl\/?page_id=88#breadcrumb\",\"itemListElement\":[{\"@type\":\"ListItem\",\"position\":1,\"name\":\"Home\",\"item\":\"https:\/\/bioczar.com.pl\/\"},{\"@type\":\"ListItem\",\"position\":2,\"name\":\"DZI\u0118KUJ\u0118 &#8211; podzi\u0119kowanie za um\u00f3wienie spotkania\"}]},{\"@type\":\"WebSite\",\"@id\":\"https:\/\/bioczar.com.pl\/#website\",\"url\":\"https:\/\/bioczar.com.pl\/\",\"name\":\"Bioczar\",\"description\":\"\",\"potentialAction\":[{\"@type\":\"SearchAction\",\"target\":{\"@type\":\"EntryPoint\",\"urlTemplate\":\"https:\/\/bioczar.com.pl\/?s={search_term_string}\"},\"query-input\":{\"@type\":\"PropertyValueSpecification\",\"valueRequired\":true,\"valueName\":\"search_term_string\"}}],\"inLanguage\":\"pl-PL\"}]}<\/script>\n<!-- \/ Yoast SEO plugin. -->","yoast_head_json":{"title":"DZI\u0118KUJ\u0118 - podzi\u0119kowanie za um\u00f3wienie spotkania - Bioczar","robots":{"index":"index","follow":"follow","max-snippet":"max-snippet:-1","max-image-preview":"max-image-preview:large","max-video-preview":"max-video-preview:-1"},"canonical":"https:\/\/bioczar.com.pl\/?page_id=88","og_locale":"pl_PL","og_type":"article","og_title":"DZI\u0118KUJ\u0118 - podzi\u0119kowanie za um\u00f3wienie spotkania - Bioczar","og_description":"Dzi\u0119kuj\u0119 za um\u00f3wienie rozmowy | BioCzar Dzi\u0119kuj\u0119 za um\u00f3wienie rozmowy Ten kr\u00f3tki materia\u0142 pomo\u017ce Ci dobrze przygotowa\u0107 si\u0119 do naszego spotkania. Wideo Przed rozmow\u0105 Podczas rozmowy b\u0105d\u017a sama w pomieszczeniu, w kt\u00f3rym czujesz spok\u00f3j i bezpiecze\u0144stwo. Zadbaj, by nikt Ci nie przeszkadza\u0142. Przygotuj kartk\u0119 i d\u0142ugopis. Po\u015bwi\u0119\u0107 5 minut przed spotkaniem tylko dla siebie. Przed [&hellip;]","og_url":"https:\/\/bioczar.com.pl\/?page_id=88","og_site_name":"Bioczar","article_modified_time":"2026-02-10T17:42:46+00:00","og_image":[{"width":1024,"height":576,"url":"https:\/\/bioczar.com.pl\/wp-content\/uploads\/2026\/02\/Untitled-design-12-e1770554037544-1024x576.png","type":"image\/png"}],"twitter_misc":{"Szacowany czas czytania":"4 minuty"},"schema":{"@context":"https:\/\/schema.org","@graph":[{"@type":"WebPage","@id":"https:\/\/bioczar.com.pl\/?page_id=88","url":"https:\/\/bioczar.com.pl\/?page_id=88","name":"DZI\u0118KUJ\u0118 - podzi\u0119kowanie za um\u00f3wienie spotkania - Bioczar","isPartOf":{"@id":"https:\/\/bioczar.com.pl\/#website"},"primaryImageOfPage":{"@id":"https:\/\/bioczar.com.pl\/?page_id=88#primaryimage"},"image":{"@id":"https:\/\/bioczar.com.pl\/?page_id=88#primaryimage"},"thumbnailUrl":"https:\/\/bioczar.com.pl\/wp-content\/uploads\/2026\/02\/Untitled-design-12-e1770554037544.png","datePublished":"2026-02-08T12:55:24+00:00","dateModified":"2026-02-10T17:42:46+00:00","breadcrumb":{"@id":"https:\/\/bioczar.com.pl\/?page_id=88#breadcrumb"},"inLanguage":"pl-PL","potentialAction":[{"@type":"ReadAction","target":["https:\/\/bioczar.com.pl\/?page_id=88"]}]},{"@type":"ImageObject","inLanguage":"pl-PL","@id":"https:\/\/bioczar.com.pl\/?page_id=88#primaryimage","url":"https:\/\/bioczar.com.pl\/wp-content\/uploads\/2026\/02\/Untitled-design-12-e1770554037544.png","contentUrl":"https:\/\/bioczar.com.pl\/wp-content\/uploads\/2026\/02\/Untitled-design-12-e1770554037544.png","width":1920,"height":1080},{"@type":"BreadcrumbList","@id":"https:\/\/bioczar.com.pl\/?page_id=88#breadcrumb","itemListElement":[{"@type":"ListItem","position":1,"name":"Home","item":"https:\/\/bioczar.com.pl\/"},{"@type":"ListItem","position":2,"name":"DZI\u0118KUJ\u0118 &#8211; podzi\u0119kowanie za um\u00f3wienie spotkania"}]},{"@type":"WebSite","@id":"https:\/\/bioczar.com.pl\/#website","url":"https:\/\/bioczar.com.pl\/","name":"Bioczar","description":"","potentialAction":[{"@type":"SearchAction","target":{"@type":"EntryPoint","urlTemplate":"https:\/\/bioczar.com.pl\/?s={search_term_string}"},"query-input":{"@type":"PropertyValueSpecification","valueRequired":true,"valueName":"search_term_string"}}],"inLanguage":"pl-PL"}]}},"_links":{"self":[{"href":"https:\/\/bioczar.com.pl\/index.php?rest_route=\/wp\/v2\/pages\/88","targetHints":{"allow":["GET"]}}],"collection":[{"href":"https:\/\/bioczar.com.pl\/index.php?rest_route=\/wp\/v2\/pages"}],"about":[{"href":"https:\/\/bioczar.com.pl\/index.php?rest_route=\/wp\/v2\/types\/page"}],"author":[{"embeddable":true,"href":"https:\/\/bioczar.com.pl\/index.php?rest_route=\/wp\/v2\/users\/1"}],"replies":[{"embeddable":true,"href":"https:\/\/bioczar.com.pl\/index.php?rest_route=%2Fwp%2Fv2%2Fcomments&post=88"}],"version-history":[{"count":17,"href":"https:\/\/bioczar.com.pl\/index.php?rest_route=\/wp\/v2\/pages\/88\/revisions"}],"predecessor-version":[{"id":134,"href":"https:\/\/bioczar.com.pl\/index.php?rest_route=\/wp\/v2\/pages\/88\/revisions\/134"}],"wp:featuredmedia":[{"embeddable":true,"href":"https:\/\/bioczar.com.pl\/index.php?rest_route=\/wp\/v2\/media\/90"}],"wp:attachment":[{"href":"https:\/\/bioczar.com.pl\/index.php?rest_route=%2Fwp%2Fv2%2Fmedia&parent=88"}],"curies":[{"name":"wp","href":"https:\/\/api.w.org\/{rel}","templated":true}]}}